527049 prime?
True
Is 73073769181 a composite number?
True
Is 298349719571 prime?
True
Is 337337434211 composite?
True
Is 586715279 prime?
True
Is 2292141923 a prime number?
False
Is 4109015023 composite?
True
Is 120809167 a composite number?
True
Is 4873606769 a composite number?
False
Is 3921023857 prime?
True
Is 11069325131 prime?
True
Is 1400678099 a prime number?
True
Is 97162397 prime?
False
Is 793788587 a composite number?
False
Is 13426306165 composite?
True
Is 5123943494 composite?
True
Is 7514876119 prime?
True
Is 1325511083 a composite number?
True
Is 1369110543 prime?
False
Is 42208053 prime?
False
Is 1062791869 composite?
True
Is 9033396797 prime?
False
Is 52431882931 a composite number?
True
Is 2799966397 prime?
True
Is 6173249659 prime?
False
Is 12045017123 a prime number?
False
Is 760351699 a prime number?
True
Is 1838395973 prime?
True
Is 876304441 composite?
True
Is 30211497689 composite?
False
Is 20934364133 a prime number?
True
Is 136349801587 a composite number?
False
Is 43767487339 a composite number?
False
Is 30827058503 prime?
False
Is 147753071 a prime number?
True
Is 1020352133 prime?
False
Is 10681881323 a composite number?
False
Is 8322265949 composite?
True
Is 539098057 a prime number?
True
Is 3373936373 a composite number?
True
Is 9531183 a composite number?
True
Is 53477773 composite?
True
Is 248792221 composite?
True
Is 5529065119 a prime number?
False
Is 920260723 a prime number?
True
Is 1103973029 a prime number?
True
Is 5726891678 a prime number?
False
Is 44235738329 composite?
True
Is 3211434383 a composite number?
False
Is 2018788865 a prime number?
False
Is 2162422397 prime?
True
Is 489368353 composite?
False
Is 6365113138 a composite number?
True
Is 23712056087 a prime number?
True
Is 192365887 a composite number?
True
Is 519802457 prime?
True
Is 360866891521 composite?
False
Is 17427729959 prime?
True
Is 57726189319 composite?
False
Is 3786401747 a composite number?
False
Is 42826649597 a composite number?
True
Is 922590737 a prime number?
False
Is 154881439639 prime?
True
Is 359438957 a composite number?
False
Is 1949409107 a prime number?
True
Is 333759793537 a prime number?
False
Is 387535301 a prime number?
False
Is 1895551517 a prime number?
False
Is 8189308385 composite?
True
Is 1522979053 a composite number?
False
Is 461317069 a prime number?
False
Is 834116719 composite?
True
Is 808486813 a prime number?
False
Is 181237081 prime?
True
Is 87448417 prime?
False
Is 1040601563 prime?
True
Is 15574031801 prime?
False
Is 10263402301 composite?
False
Is 663013609 prime?
True
Is 438679586 a composite number?
True
Is 15219520291 a prime number?
True
Is 11402319793 a prime number?
True
Is 508154071 a composite number?
False
Is 28738606571 a prime number?
False
Is 428682607 a composite number?
False
Is 48526258793 a composite number?
True
Is 421133789 a prime number?
False
Is 1636249379 a composite number?
True
Is 757978079 a composite number?
True
Is 622897139 prime?
False
Is 6103082717 a prime number?
True
Is 1652568859 a composite number?
False
Is 7799175883 a prime number?
True
Is 5871369433 prime?
False
Is 13858562119 prime?
True
Is 711644363 composite?
False
Is 1512921283 composite?
False
Is 100273567 composite?
True
Is 13072796257 a composite number?
False
Is 715045657 a prime number?
True
Is 12679443209 prime?
False
Is 31366435811 a prime number?
True
Is 4438562413 a composite number?
False
Is 3234155597 prime?
True
Is 4743331181 composite?
False
Is 4485887837 a prime number?
True
Is 2312903539 composite?
False
Is 9253640969 a prime number?
True
Is 14240456687 a composite number?
False
Is 411712163 composite?
True
Is 49876532449 a composite number?
False
Is 157854947 a prime number?
False
Is 8274316679 prime?
True
Is 2915899067 a prime number?
True
Is 26194507 composite?
False
Is 1402881 a prime number?
False
Is 10191007282 a composite number?
True
Is 110947381 a prime number?
True
Is 14571011453 a composite number?
False
Is 1623749957 composite?
False
Is 6206113829 a prime number?
True
Is 3249152237 composite?
False
Is 3451606981 prime?
False
Is 62410982 a composite number?
True
Is 3425412647 composite?
True
Is 5023143547 a prime number?
False
Is 29387576033 a prime number?
True
Is 12169625051 prime?
False
Is 781659311 composite?
False
Is 6725934899 a prime number?
False
Is 1123472027 prime?
False
Is 641705263 a prime number?
True
Is 93131174 a composite number?
True
Is 2699632687 a prime number?
True
Is 5740085999 a composite number?
False
Is 41664327667 composite?
True
Is 53803471 composite?
False
Is 11037858817 a composite number?
False
Is 316078700879 prime?
True
Is 22355104831 a prime number?
False
Is 2875799617 a prime number?
True
Is 1744294927 a composite number?
False
Is 1829866211 prime?
True
Is 903042817 composite?
True
Is 13408006817 a prime number?
True
Is 377909141 a composite number?
False
Is 15297857279 a composite number?
True
Is 726520541 composite?
False
Is 1251603631 prime?
False
Is 265196101 composite?
False
Is 45684689 a prime number?
True
Is 37635071 a composite number?
False
Is 2627125653 a prime number?
False
Is 10238586613 a composite number?
False
Is 78617053637 a prime number?
False
Is 316556743 a composite number?
False
Is 2490114689 a prime number?
False
Is 1673487239 prime?
False
Is 28091092837 a composite number?
False
Is 523806631 prime?
True
Is 114629327 prime?
False
Is 57425491493 prime?
False
Is 3338127343 prime?
True
Is 1109401399 a composite number?
True
Is 11992999171 prime?
False
Is 1909165421 a composite number?
True
Is 1185676757 a prime number?
True
Is 1579280537 prime?
True
Is 18635363897 prime?
True
Is 195687311 composite?
False
Is 1639476445 a composite number?
True
Is 2362689757 a prime number?
True
Is 5477580943 a composite number?
False
Is 64714495909 a composite number?
True
Is 73030202387 composite?
True
Is 18085105487 prime?
True
Is 2781186505 a prime number?
False
Is 56135649971 a prime number?
False
Is 282463105 a composite number?
True
Is 620598491 composite?
False
Is 162249749 a prime number?
True
Is 118125383 composite?
False
Is 12604727117 composite?
False
Is 3603783958 composite?
True
Is 123957957953 composite?
False
Is 1887950509 prime?
True
Is 7090900181 a prime number?
False
Is 983522654 composite?
True
Is 6741779857 a composite number?
False
Is 635726759 a composite number?
True
Is 7241138521 composite?
True
Is 59814580477 a prime number?
False
Is 191548833713 a prime number?
False
Is 1157948123 a composite number?
False
Is 795001799 a prime number?
True
Is 2049763123 prime?
False
Is 4982624929 a composite number?
False
Is 14959322821 a prime number?
False
Is 25008826841 prime?
True
Is 3370124873 composite?
True
Is 429252377 a prime number?
True
Is 3234575497 a prime number?
False
Is 6187059937 prime?
True
Is 3573429023 prime?
True
Is 3351215033 a composite number?
False
Is 227411461967 composite?
False
Is 848251309 a composite number?
False
Is 261406099 a prime number?
False
Is 87194099 a prime number?
True
Is 2054469721 prime?
True
Is 3424245199 a composite number?
False
Is 1210757453 prime?
False
Is 2132903341 a composite number?
False
Is 268963049 a prime number?
True
Is 800641001 a prime number?
False
Is 315314173 a composite number?
False
Is 77947774783 a prime number?
True
Is 11330769803 composite?
True
Is 700066033 a composite number?
False
Is 138100168607 a prime number?
True
Is 642888127 a composite number?
True
Is 58753679 a composite number?
False
Is 733021187 prime?
True
Is 1688591881 prime?
False
Is 5784756661 a composite number?
True
Is 16074189679 a composite number?
False
Is 8238697 prime?
False
Is 15060262097 a composite number?
True
Is 8259208429 a prime number?
True
Is 4718964791 a composite number?
False
Is 949355359 a composite number?
True
Is 937826137 composite?
False
Is 61274949427 prime?
True
Is 11834888353 prime?
True
Is 222760477 a composite number?
False
Is 1221261317 composite?
True
Is 130155678371 composite?
False
Is 16706849267 a composite number?
True
Is 2540967859 composite?
True
Is 2622863833 prime?
True
Is 3523946773 prime?
False
Is 151230007 a composite number?
False
Is 22721710967 a prime number?
False
Is 14241337483 prime?
True
Is 48336904459 prime?
True
Is 23599234013 a composite number?
Fals